 highest common factor of 137536 and 506240?
448
What is the greatest common divisor of 17262 and 13030892?
1918
Calculate the highest common factor of 164959 and 127238.
563
Calculate the highest common factor of 34 and 18996394.
2
What is the greatest common factor of 551880 and 61992?
1512
Calculate the greatest common divisor of 93 and 773519781.
93
Calculate the greatest common divisor of 44929268 and 1448.
724
Calculate the highest common factor of 27886 and 7375190.
146
Calculate the greatest common divisor of 165451061 and 31.
31
What is the greatest common factor of 241 and 84977?
1
Calculate the greatest common factor of 763104 and 2592.
96
Calculate the greatest common divisor of 229 and 7206401.
229
What is the highest common factor of 23668 and 788364?
244
What is the greatest common divisor of 4037910 and 210?
30
Calculate the greatest common factor of 12132819 and 3953.
59
What is the highest common divisor of 76 and 2234742?
38
What is the greatest common factor of 2371862649 and 23?
23
What is the greatest common factor of 26902708 and 2135?
427
What is the highest common divisor of 5814 and 101788282?
646
Calculate the highest common factor of 1440 and 14984268.
12
What is the greatest common factor of 1002523839 and 207?
69
Calculate the highest common divisor of 2228757118 and 28.
14
What is the greatest common factor of 1878981 and 78?
39
What is the greatest common divisor of 87885 and 86415?
105
Calculate the highest common factor of 648 and 3619512.
216
Calculate the highest common divisor of 7425594 and 1296.
162
Calculate the highest common factor of 162 and 126806256.
54
Calculate the greatest common divisor of 20804 and 208159623.
5201
What is the greatest common divisor of 6880008 and 56631?
1317
Calculate the greatest common divisor of 59853342 and 15492.
7746
Calculate the highest common divisor of 4008 and 784232.
1336
What is the greatest common factor of 4181328 and 2196?
36
What is the greatest common divisor of 1720 and 3074285?
215
What is the greatest common divisor of 15183 and 29554553?
1687
Calculate the greatest common divisor of 612255 and 353787.
357
What is the highest common divisor of 812042 and 22?
22
What is the highest common divisor of 3600 and 1028900?
100
What is the greatest common factor of 300191593 and 221?
221
What is the greatest common factor of 1929122 and 1586?
26
What is the greatest common divisor of 4630759 and 63?
7
Calculate the greatest common factor of 10 and 2178848850.
10
Calculate the greatest common divisor of 412813 and 665.
19
What is the highest common factor of 249917287 and 23441?
2131
What is the greatest common divisor of 7612217 and 1159?
19
What is the highest common factor of 80 and 658012?
4
What is the highest common divisor of 9665392 and 704?
176
Calculate the greatest common divisor of 245404286 and 5128.
1282
Calculate the highest common factor of 745027 and 3.
1
Calculate the highest common factor of 1461 and 1130327.
487
Calculate the highest common factor of 349432368 and 75376.
10768
What is the greatest common divisor of 191 and 200922259?
191
What is the greatest common divisor of 7161 and 37698759?
651
What is the highest common divisor of 483750 and 73800?
450
What is the greatest common factor of 1144 and 103?
1
What is the highest common divisor of 3330 and 633877710?
1110
What is the highest common divisor of 31218712 and 41?
41
Calculate the highest common divisor of 10 and 5308005.
5
What is the greatest common factor of 158745195 and 21735?
7245
What is the highest common factor of 203250 and 314250?
750
Calculate the greatest common divisor of 414 and 659034.
18
Calculate the greatest common divisor of 44645261 and 26303.
907
What is the highest common factor of 106545492 and 108?
36
What is the greatest common factor of 3188898 and 17604?
18
Calculate the greatest common divisor of 18070029 and 1227.
1227
Calculate the greatest common divisor of 8050731 and 1482.
39
What is the highest common factor of 180 and 83384910?
90
What is the highest common factor of 104232470 and 7240?
1810
Calculate the highest common factor of 5454063 and 71864.
691
What is the greatest common divisor of 13953652 and 1448?
724
Calculate the greatest common factor of 9673596 and 18192.
4548
Calculate the highest common factor of 196090114 and 88.
22
Calculate the greatest common divisor of 447194189 and 806.
403
Calculate the greatest common factor of 91 and 144753707.
7
Calculate the highest common factor of 190412 and 938384.
1052
Calculate the greatest common divisor of 257070 and 376769910.
13530
Calculate the highest common factor of 140030 and 36355.
55
What is the greatest common factor of 192 and 111721088?
64
What is the highest common factor of 1318824 and 1494?
18
What is the highest common factor of 294 and 561039906?
294
What is the highest common divisor of 151597277 and 52?
13
What is the greatest common divisor of 390186 and 40068?
954
What is the highest common divisor of 1707 and 117?
3
Calculate the highest common divisor of 15 and 599739.
3
Calculate the highest common divisor of 271695 and 89337.
921
Calculate the greatest common divisor of 1738939 and 330212.
2663
What is the highest common divisor of 368 and 1553351?
23
Calculate the greatest common divisor of 20583675 and 1225.
1225
What is the greatest common divisor of 267 and 77765797?
89
Calculate the highest common divisor of 9846 and 742176.
18
What is the greatest common factor of 62409 and 879690?
213
Calculate the greatest common factor of 15567578 and 71968.
4498
Calculate the highest common factor of 462826 and 1508.
26
What is the highest common divisor of 8631 and 70623?
63
What is the greatest common factor of 462032 and 3568?
16
Calculate the greatest common factor of 32396 and 168364.
28
What is the greatest common divisor of 767942 and 55993?
133
Calculate the highest common divisor of 81 and 6257961.
9
Calculate the greatest common divisor of 1437 and 6437281.
479
Calculate the highest common divisor of 52 and 32857097.
13
What is the greatest common factor of 245 and 219569?
49
Calculate the highest common factor of 32419408 and 43792.
1904
What is the highest common divisor of 4265514 and 5454?
54
What is the highest common factor of 41887898 and 1954?
1954
What is the greatest common factor of 5232 and 146992?
16
Calculate the greatest common divisor of 1176 and 8678652.
12
Calculate the highest common divisor of 12285 and 282240.
315
What is the highest common factor of 4666 and 19664857?
2333
What is the highest common divisor of 3976024 and 2392?
104
What is the highest common factor of 297134 and 6758?
218
What is the highest common factor of 13270 and 21110?
10
What is the highest common factor of 3138459777 and 267?
267
Calculate the greatest common divisor of 19 and 273435251.
19
Calculate the greatest common factor of 9597808 and 4048.
4048
What is the highest common divisor of 562976 and 11621984?
7712
What is the greatest common divisor of 15034726 and 28?
14
What is the highest common factor of 6981110 and 2300?
10
What is the highest common divisor of 35196135 and 78?
39
What is the highest common factor of 2322260 and 108?
4
Calculate the highest common factor of 2649838 and 57994.
542
What is the greatest common divisor of 8311152 and 48?
48
What is the greatest common factor of 105 and 5189058?
21
What is the highest common divisor of 88 and 79538536?
88
Calculate the greatest common factor of 24880772 and 31388.
1652
What is the greatest common factor of 98 and 334740707?
49
What is the greatest common factor of 5323123 and 1521?
13
What is the highest common factor of 17756 and 27422212?
772
What is the greatest common factor of 1100 and 48312836?
44
What is the highest common factor of 3135700 and 1860?
20
What is the highest common divisor of 244047 and 15?
3
What is the greatest common divisor of 94 and 629109993?
47
Calculate the highest common divisor of 247 and 7155628.
19
What is the highest common factor of 10 and 172419020?
10
Calculate the greatest common factor of 20230 and 219170.
70
Calculate the highest common divisor of 5143596 and 1764.
12
Calculate the greatest common factor of 859056 and 6600.
264
Calculate the highest common fac